
Suppose 3*o - 4 = 2. Suppose -5*g + z = -43, -3*g - o*g - 2*z + 49 = 0. Calculate the greatest common divisor of g and 36.
9
Let l be 416 + -1 + 2*1. Let d be (2 - (0 - -1))*l. Suppose 2*u - 3*u - 5*p = -93, 5*p - d = -4*u. Calculate the highest common factor of u and 12.
12
Suppose -4*w + 5*f + 11 = 0, 2*f - 5 + 3 = 0. Let x(t) = t + 1. Let z be x(-9). Let c be z/(-20)*1*30. Calculate the greatest common divisor of c and w.
4
Let h be (-2)/((-19)/17 - -1). Suppose v - h = -2*z, 3*v = 2*v - 3. Calculate the greatest common divisor of z and 110.
10
Suppose 6 = 3*j - 0*j. Let y be 46 - (1 + j + 1). Let o be (-1)/(-2) - (-11)/2. What is the greatest common divisor of o and y?
6
Let s(o) = -o**2 + 2*o + 1. Let p be s(3). Let h be ((-1)/(-2))/((-1)/p). Let a be (-23 - h)*3/(-4). Calculate the highest common factor of a and 144.
18
Let v(l) be the second derivative of l**4/12 - 7*l**3/6 + 3*l**2/2 + l. Let s be v(8). Calculate the highest common divisor of s and 22.
11
Let b be (-1*8 - 3)*-1. Calculate the greatest common factor of b and 11.
11
Suppose -3*w - 2 = -4*w. Let z(x) = 39*x**2 - x. Let a be z(-1). Suppose -w*b + a = -b. Calculate the highest common factor of b and 10.
10
Let u = 40 - 14. Let a be ((-2106)/(-24))/((-3)/(-8)) - 0. What is the highest common factor of u and a?
26
Let k = 163 + -142. Let i be (64/10)/(2/10). Let b = i + -11. Calculate the greatest common factor of k and b.
21
Suppose -9*h = -7*h - 104. What is the greatest common divisor of 13 and h?
13
Let p = 35 - 20. Let g(a) = -a**3 + 16*a**2 - 16*a + 20. Let w be g(15). What is the greatest common factor of w and p?
5
Suppose -2*p + 6 = -0*p. Let o be 3 + 4/(4/p). Calculate the greatest common factor of o and 4.
2
Suppose -2*r - 2 = 3*j, 7*j = 4*j + 4*r + 22. Suppose 0*d = -j*d + 350. Let f = d - 87. What is the highest common divisor of 11 and f?
11
Let m = 18 + -12. Let c(b) = 2*b - 8. Let a be c(m). Calculate the greatest common divisor of 36 and a.
4
Let l = -11 + 12. Let k be 6/3 + l + 8. Calculate the highest common divisor of 88 and k.
11
Let r be -7*(2 - (-1 + 4)). Calculate the greatest common divisor of 63 and r.
7
Suppose -g = -2*g + 2. Let i(x) = 5 - 3*x**2 - 9*x - 8 + 5*x**g. Let k be i(7). What is the greatest common factor of 4 and k?
4
Let g = -4 + 9. Calculate the greatest common divisor of 10 and g.
5
Suppose -h + 4*h + 5*t = 67, 3*t = 15. Suppose -f = f - h. Let i = 170 - 93. Calculate the greatest common divisor of i and f.
7
Let n = 13 - 12. Let l be 110/15*3*n. Calculate the highest common divisor of 154 and l.
22
Let g = 34 - 23. What is the greatest common factor of 44 and g?
11
Let t be 8/30*(-216)/(-12)*5. What is the greatest common divisor of t and 56?
8
Let b(d) = -d**3 + 7*d**2 + 5*d - 9. Let l be b(7). What is the greatest common factor of 52 and l?
26
Let g(p) = p**3 - p**2 - p + 1. Let u be g(-4). Let t = -22 - u. Suppose 0*w - f + t = 3*w, 4*f = 8. Calculate the highest common divisor of w and 34.
17
Let m = 39 + 49. Suppose w + 15 = 4*k, -5*w + k + 2*k - 24 = 0. Let z be (8/w)/((-3)/9). What is the highest common factor of z and m?
8
Let b(f) be the second derivative of 7*f**4/6 - 2*f. Let m be b(-1). What is the greatest common divisor of 21 and m?
7
Let i(o) = o**3 - 4*o**2 + 10*o - 10. Let l be i(7). What is the greatest common divisor of 23 and l?
23
Suppose 2*k - 37 = -5*g, 7*g = 2*k + 5*g - 2. What is the highest common factor of k and 6?
6
Let k be (10 + -4)*98*(-3)/(-12). What is the highest common factor of k and 42?
21
Suppose 4*a - 2*y - 2*y - 20 = 0, -7 = 5*a + 3*y. Suppose -h - 3*l = 3*h - 123, -l = -a. What is the highest common factor of h and 10?
10
Let d be (-9)/36 + 1/4. Let p be 19/(d - (-4)/4). Calculate the highest common factor of 57 and p.
19
Let q be 2/(-7) - 177/(-7). Let k be 6/12 + q/2. Calculate the greatest common divisor of k and 13.
13
Suppose -6 = 6*z - 18. Calculate the highest common divisor of z and 1.
1
Let a be ((-132)/(-48))/(1/16). Calculate the highest common factor of a and 11.
11
Let o(y) = y**3 - 5*y**2 + 3*y + 6. Let c be o(4). What is the highest common factor of c and 16?
2
Suppose 2*r - 31 - 35 = -f, 2*r - f - 58 = 0. Let n = r - 7. What is the highest common divisor of 24 and n?
24
Let l be 42/(-14)*(-6 - -1). What is the highest common divisor of 10 and l?
5
Let h be (15/2)/((-7)/(-84)). Calculate the greatest common divisor of h and 10.
10
Suppose 0 = k - 27 - 78. What is the highest common divisor of k and 45?
15
Suppose 2*x = 15 - 1. Suppose 3*p - n = 110, -3*n - 4 = 4*p - 129. What is the highest common factor of p and x?
7
Let t(s) = -s**3 - 4*s**2 + 8*s - 1. Suppose 0 = f - 1, 0 = -3*u + 3*f - 11 - 10. Let o be t(u). Let q = o + -4. What is the highest common factor of 19 and q?
19
Suppose 12 = 3*v + d, -2*v + d + 0*d = -8. Let l be ((-24)/60)/(2/(-50)). Calculate the highest common divisor of v and l.
2
Let x = 7 - 90. Let i = x + 131. What is the greatest common factor of i and 32?
16
Let m = -125 + 190. What is the greatest common divisor of m and 52?
13
Suppose 4*l - 5*z = -8 - 20, -4*l = 3*z + 28. Let j = l - -16. What is the highest common divisor of 1 and j?
1
Let k = -34 - -88. Suppose 3*u = 12, -q + 1 = -5*u + 15. Calculate the greatest common divisor of q and k.
6
Let n(v) = -v - 3. Let k be n(-6). Suppose 2*b - 100 + 32 = 0. Suppose s - g - 11 = -3*g, -2*g = -4*s + b. What is the highest common divisor of k and s?
3
Suppose 0 = -z + 2*t + 5, -5*z + 7 = t - 7. Let o be 2/z + 624/9. Calculate the highest common factor of 10 and o.
10
Let k be (-561)/(-5) - 2/10. Suppose -5*f + k = -2*f + 2*l, -f + 4*l = -56. Let d be (-3)/(9/6)*-2. What is the highest common divisor of f and d?
4
Suppose 5*z - 2*t - 101 = 0, 7 = -3*t - 2. Let x = 25 + -6. What is the highest common divisor of x and z?
19
Suppose -4*z = 4*a + 1064, -3*a + 5*z - 774 = 2*z. Let s = a - -482. Let j = -44 + 64. What is the highest common factor of j and s?
20
Suppose 2*b + 2*b - 52 = 0. What is the highest common divisor of b and 26?
13
Let f(x) = -2*x + 4. Let b be f(-7). Let z be 20/2*((-30)/(-4) - 3). What is the highest common factor of b and z?
9
Suppose 0 = 2*w + g - 2, 2 + 1 = 3*w + 2*g. What is the highest common factor of 3 and w?
1
Let v = 47 + -17. Let l = -12 + v. Calculate the greatest common factor of 54 and l.
18
Suppose -126 = -c - 5*c. Calculate the highest common factor of 168 and c.
21
Let k be -3 + 4*((-204)/(-8))/3. What is the highest common divisor of 217 and k?
31
Suppose -2*g + 5 = -3*y + 2, -5*g = -4*y + 10. Let b be g/(-3) + (13 - 1). What is the highest common factor of b and 7?
7
Let k(x) = x**2 + 9*x + 5. Let v be k(-10). Let m(d) = -7*d + 27*d - 3 + 40*d - 4*d. Let s be m(3). What is the highest common factor of v and s?
15
Let s(j) = j**2 + 11*j + 15. Let l be s(-11). Let y = l - 11. Calculate the greatest common divisor of y and 2.
2
Suppose 2*t + 2*t = 40. Let g = t - 9. What is the highest common divisor of g and 5?
1
Suppose m + 16 = 6*l - 2*l, -16 = -4*l + 5*m. Let c(j) = -2*j**3 - 4*j**2 - j + 2. Let k be c(-2). Calculate the highest common factor of k and l.
4
Let j(w) = -7*w**3 - w**2 + 1. Let s be j(-1). Let r(x) = -15*x - 4. Let b be r(s). Let c = 154 + b. Calculate the highest common factor of c and 30.
15
Let c = 9 - 5. Let o(g) = -g - 3. Let w be o(-4). Suppose -c*u = -w - 47. What is the greatest common factor of u and 4?
4
Let u = -2 - -2. Suppose -5*b + 5 = u, -7*f - 5*b = -3*f - 25. Suppose 3*n = -2 + 8. What is the greatest common factor of f and n?
1
Suppose -4*g - 7*a - 4 = -5*a, 0 = -5*a - 20. Let s be g*(0 + 3 + 30). Calculate the greatest common factor of 22 and s.
11
Let n be 3 + -4*(-3)/6. Suppose -n*l = -26 - 34. Calculate the greatest common divisor of 96 and l.
12
Suppose -140 = -4*n - 2*j, -4*n + 5*j + 62 = -78. Calculate the highest common divisor of n and 7.
7
Let n = 394 + -222. What is the highest common factor of n and 43?
43
Suppose 0 = -2*p - 3*p + l + 447, l = -4*p + 363. Calculate the highest common factor of p and 45.
45
Suppose 4*y + p + 10 = 0, -2*p - 6 = -y + 2*p. Let a be (2/3)/(y/21). Let b = 5 - a. Calculate the greatest common factor of b and 24.
12
Suppose -23 = -t - 4. Calculate the highest common factor of 57 and t.
19
Let o b